e tens digit of 1218500?
0
What is the tens digit of 439583?
8
What is the thousands digit of 1010713?
0
What is the tens digit of 2789330?
3
What is the tens digit of 272540?
4
What is the hundred thousands digit of 10508688?
5
What is the units digit of 783644?
4
What is the units digit of 176648?
8
What is the hundred thousands digit of 2973433?
9
What is the units digit of 294842?
2
What is the thousands digit of 3486660?
6
What is the hundreds digit of 120465?
4
What is the ten thousands digit of 726542?
2
What is the millions digit of 25470258?
5
What is the hundreds digit of 5219?
2
What is the millions digit of 4356785?
4
What is the units digit of 262641?
1
What is the hundred thousands digit of 254490?
2
What is the ten thousands digit of 395808?
9
What is the thousands digit of 1852405?
2
What is the hundreds digit of 456393?
3
What is the hundreds digit of 18606233?
2
What is the tens digit of 450678?
7
What is the tens digit of 2152460?
6
What is the units digit of 9398491?
1
What is the thousands digit of 705932?
5
What is the millions digit of 7450033?
7
What is the tens digit of 242605?
0
What is the hundreds digit of 1798444?
4
What is the thousands digit of 67914?
7
What is the thousands digit of 163450?
3
What is the millions digit of 1583052?
1
What is the ten thousands digit of 783722?
8
What is the thousands digit of 4007697?
7
What is the ten thousands digit of 1202567?
0
What is the units digit of 54580?
0
What is the millions digit of 1678939?
1
What is the thousands digit of 1160848?
0
What is the thousands digit of 4600883?
0
What is the tens digit of 541334?
3
What is the tens digit of 127287?
8
What is the ten thousands digit of 283658?
8
What is the hundreds digit of 4012?
0
What is the ten thousands digit of 2274895?
7
What is the tens digit of 4633851?
5
What is the hundreds digit of 896908?
9
What is the tens digit of 873888?
8
What is the tens digit of 873419?
1
What is the millions digit of 5200265?
5
What is the units digit of 393083?
3
What is the tens digit of 23908425?
2
What is the thousands digit of 799841?
9
What is the ten thousands digit of 607365?
0
What is the millions digit of 1460708?
1
What is the tens digit of 2904224?
2
What is the units digit of 1295669?
9
What is the hundreds digit of 323358?
3
What is the tens digit of 1334500?
0
What is the units digit of 2383252?
2
What is the tens digit of 3762006?
0
What is the ten thousands digit of 225066?
2
What is the hundred thousands digit of 4120519?
1
What is the thousands digit of 2551792?
1
What is the millions digit of 5793223?
5
What is the units digit of 4002119?
9
What is the tens digit of 15193145?
4
What is the hundreds digit of 502320?
3
What is the tens digit of 171301?
0
What is the units digit of 431428?
8
What is the tens digit of 436202?
0
What is the ten thousands digit of 2084084?
8
What is the hundreds digit of 2272346?
3
What is the ten thousands digit of 218530?
1
What is the hundreds digit of 156335?
3
What is the tens digit of 7236114?
1
What is the hundred thousands digit of 19764974?
7
What is the ten thousands digit of 536710?
3
What is the units digit of 232793?
3
What is the ten thousands digit of 689192?
8
What is the tens digit of 439463?
6
What is the hundreds digit of 1922969?
9
What is the tens digit of 6192559?
5
What is the ten thousands digit of 6354874?
5
What is the hundred thousands digit of 7240251?
2
What is the hundred thousands digit of 8049422?
0
What is the tens digit of 755140?
4
What is the millions digit of 1228191?
1
What is the tens digit of 216312?
1
What is the hundreds digit of 85027?
0
What is the ten millions digit of 18333332?
1
What is the hundred thousands digit of 208353?
2
What is the thousands digit of 431272?
1
What is the thousands digit of 18391135?
1
What is the units digit of 994765?
5
What is the millions digit of 3672534?
3
What is the hundreds digit of 5611201?
2
What is the thousands digit of 3185572?
5
What is the hundred thousands digit of 2358563?
3
What is the millions digit of 4137394?
4
What is the hundreds digit of 15341475?
4
What is the hundreds digit of 7587521?
5
What is the hundreds digit of 233045?
0
What is the hundreds digit of 159557?
5
What is the thousands digit of 10348660?
8
What is the hundreds digit of 588790?
7
What is the tens digit of 172316?
1
What is the hundred thousands digit of 767215?
7
What is the millions digit of 1337716?
1
What is the thousands digit of 632561?
2
What is the millions digit of 7099783?
7
What is the thousands digit of 707340?
7
What is the units digit of 222405?
5
What is the hundreds digit of 92656?
6
What is the tens digit of 142565?
6
What is the ten thousands digit of 4892022?
9
What is the hundred thousands digit of 137299?
1
What is the thousands digit of 1338737?
8
What is the tens digit of 7150008?
0
What is the hundreds digit of 1881206?
2
What is the thousands digit of 238630?
8
What is the tens digit of 361091?
9
What is the ten thousands digit of 901209?
0
What is the ten millions digit of 16282645?
1
What is the thousands digit of 603382?
3
What is the hundreds digit of 106772?
7
What is the hundreds digit of 7511767?
7
What is the units digit of 141657?
7
What is the units digit of 99953?
3
What is the tens digit of 10652?
5
What is the hundreds digit of 158487?
4
What is the ten thousands digit of 4136123?
3
What is the hundred thousands digit of 839683?
8
What is the units digit of 20922876?
6
What is the units digit of 39135?
5
What is the thousands digit of 532695?
2
What is the hundred thousands digit of 457519?
4
What is the hundreds digit of 11414899?
8
What is the thousands digit of 2494853?
4
What is the thousands digit of 78487?
8
What is the hundred thousands digit of 268605?
2
What is the thousands digit of 73654?
3
What is the hundred thousands digit of 6390990?
3
What is the hundreds digit of 433875?
8
What is the tens digit of 203487?
8
What is the tens digit of 877198?
9
What is the millions digit of 2631484?
2
What is the thousands digit of 4012608?
2
What is the thousands digit of 848393?
8
What is the units digit of 618815?
5
What is the hundred thousands digit of 955930?
9
What is the ten thousands digit of 43486?
4
What is the thousands digit of 3248884?
8
What is the hundreds digit of 1100126?
1
What is the hundred thousands digit of 157417?
1
What is the tens digit of 3713118?
1
What is the hundred thousands digit of 225477?
2
What is the hundreds digit of 181235?
2
What is the hundred thousands digit of 5252009?
2
What is the tens digit of 762744?
4
What is the units digit of 441554?
4
What is the millions digit of 22513169?
2
What is the units digit of 340920?
0
What is the tens digit of 733662?
6
What is the thousands digit of 297423?
7
What is the tens digit of 6897781?
8
What is the millions digit of 1739182?
1
What is the hundreds digit of 723296?
2
What is the hundred thousands digit of 308231?
3
What is the thousands digit of 157462?
7
What is the tens digit of 14247?
4
What is the units digit of 131600?
0
What is the hundreds digit of 29692810?
8
What is the hundreds digit of 297359?
3
What is the ten thousands digit of 2499095?
9
What is the thousands digit of 695602?
5
What is the ten thousands digit of 404480?
0
What is the ten thousands digit of 840978?
4
What is the units digit of 8363402?
2
What is the thousands digit of 679873?
9
What is the millions digit of 10551542?
0
What is the tens digit of 449871?
7
What is the ten thousands digit of 454638?
5
What is the thousands digit of 137160?
7
What is the hundred thousands digit of 8152136?
1
What is the hundred thousands digit of 7890131?
8
What is the millions digit of 7105537?
7
What is the tens digit of 1570011?
1
What is the ten thousands digit of 591630?
9
What is the hundreds digit of 216599?
5
What is the units digit of 10392868?
8
What is the units digit of 8866542?
2
What is the tens digit of 2080818?
1
What is the tens digit of 652298?
9
What is the hundred thousands digit of 2881949?
8
What is the hundreds digit of 677552?
5
What is the ten millions digit of 12571735?
1
What is the tens digit of 4951?
5
What is the hundreds digit of 2532832?
8
What is the tens digit of 1297162?
6
What is the tens digit of 1502616